-1)/(-3)). Suppose -l*y - m + 42 = 0, -3*y - 4*m + 56 = y. Does 14 divide y?
True
Let z be 21/2 + 6/(-12). Is 6 a factor of 2/z - (-476)/20?
True
Let a = 13 + -5. Suppose b - a = 6. Does 14 divide b?
True
Suppose -3*o + 2*o = -2. Suppose 3*q - 4*q + o = g, -2*g - 16 = -2*q. Let h = 6 + g. Is 3 a factor of h?
True
Suppose -4*j + b = -162, 3 = b + 1. Is j a multiple of 10?
False
Let q(h) = h**2 + 7*h + 10. Let y be q(-6). Suppose -5*g + 115 = 4*f, -y*g + 0*f - 3*f + 91 = 0. Is g a multiple of 9?
False
Let f(l) = -l**2 - 5*l - 10. Let v be (-4)/(-6) - 46/6. Let o be f(v). Is ((-3)/(-2))/(o/(-224)) a multiple of 5?
False
Let v = 47 - 22. Is v a multiple of 25?
True
Suppose 5*r + 11 - 303 = -2*u, 0 = -3*r + u + 173. Does 19 divide r?
False
Let o = -26 + 62. Is 36 a factor of o?
True
Let t(z) = -z**2 - 8*z - 7. Let r be t(-7). Suppose -4*h = -r*h - 20. Suppose 5*k - 1 = -2*d - 5, -h*d - k = -13. Is d a multiple of 3?
True
Suppose 5*y - j + 0*j - 618 = 0, 5*j = -4*y + 506. Does 31 divide y?
True
Let g(s) = s + 9. Let k be g(0). Suppose 0 = -k*d + 4*d + 10. Is (1 - d)/((-3)/48) a multiple of 13?
False
Let x = 9 - 7. Suppose 4*b = -4*a + 68, -1 = b - x. Is a a multiple of 4?
True
Suppose -3*n + 0*n = 0. Let u(t) = 2*t + 58. Is u(n) a multiple of 29?
True
Let q(n) = n**2 + 6*n - 1. Let z be q(-6). Is 108/16 + z/(-4) a multiple of 3?
False
Suppose -5*y + 334 = -296. Let k = 0 + 3. Suppose 0*r = k*r - y. Is r a multiple of 16?
False
Let c(j) = -34*j + 1. Let w be c(-1). Suppose 6*h - h = w. Let i = -1 + h. Is i a multiple of 3?
True
Let j = 42 + -60. Let w = -3 - j. Is 15 a factor of w?
True
Suppose -x - v + 89 = 0, -3*v = 4*x - 518 + 159. Is x a multiple of 4?
True
Suppose 10 = -5*y - 20. Let w be (0 + 135/y)*10. Let i = -158 - w. Is 23 a factor of i?
False
Suppose 184 = -4*b - 4*p - 0*p, 0 = -2*b - 5*p - 104. Let l = b - -72. Is l a multiple of 15?
True
Let j = 129 + -59. Does 18 divide j?
False
Suppose 0 = l - 11 - 49. Is 15 a factor of l?
True
Let b be 5*(0 - (-32)/10). Suppose 0*a = -2*a + b. Is 3 a factor of -4*(2/a - 1)?
True
Let u = 251 - 86. Does 15 divide u?
True
Suppose -p + 3*p + 3*c + 34 = 0, 66 = -3*p + 3*c. Let u = p + 28. Does 8 divide u?
True
Let q be (6/4)/(6/136). Suppose 3*j = -z + q, j - 170 = -5*z - 2*j. Is 17 a factor of z?
True
Let f = 90 - 38. Does 13 divide f?
True
Let r = 492 - 16. Does 7 divide r/35 + (-4)/(-10)?
True
Let x(d) = d + 22. Is 16 a factor of x(-5)?
False
Let o = -8 + 11. Suppose o = -5*f + 6*f. Is 2 a factor of (-4)/(3/f - 3)?
True
Let q = 26 + -14. Let t = 24 - q. Is t a multiple of 12?
True
Suppose -2*x = 2, -5*w + 3*x - 45 + 248 = 0. Is w a multiple of 4?
True
Suppose -5*y + 0*y + 3*k + 32 = 0, -y - 16 = 5*k. Suppose 2*b + 3 + 3 = 0, 4*z = y*b + 112. Let m = 4 + z. Is m a multiple of 11?
False
Let b(l) = -35*l + 28. Does 44 divide b(-8)?
True
Let n(m) = 16*m + 1. Let i be n(-2). Let d = 45 + i. Is 14 a factor of d?
True
Let h(l) = -7*l - 1. Let x be h(1). Does 14 divide (-84)/x*(-4)/(-3)?
True
Suppose -4*g + 5*k + 4 = 0, -4*k + 26 = 5*g - 20. Suppose 3*i + 124 = g*l - l, 0 = -4*l - i + 106. Is l a multiple of 13?
True
Let n = 4 - 5. Does 2 divide -2 - 0 - (-3 + n)?
True
Suppose -10*f = -8*f - 90. Is 9 a factor of f?
True
Suppose 3*f + 10 - 46 = 0. Suppose f + 12 = 2*u. Is 12 a factor of u?
True
Let n(k) = -k**2 + k + 2. Let l be n(2). Suppose l = -z + 3 + 2. Let t = -2 + z. Is 2 a factor of t?
False
Let w(c) = 15*c**2 - c + 2. Let s be w(2). Let z = s - 17. Does 16 divide z?
False
Let a(l) = -l**3 + 20. Let b be (-6)/(-5)*15/6. Let q be 1 - 1/(3/b). Is 14 a factor of a(q)?
False
Let j(a) = -a**3 + 2*a**2 - a. Let l be j(1). Let q(d) = -d**3 - d**2 + d + 22. Does 6 divide q(l)?
False
Suppose 4*m - 87 = 5*m. Let v = m - -181. Let f = -54 + v. Does 20 divide f?
True
Let j be (-2)/6 - 22/6. Let b(m) = m**3 - 3*m - 4. Let g be b(3). Is j/g + 708/28 a multiple of 12?
False
Let o = -174 - -50. Is 9 a factor of o/(-7) - (-8)/28?
True
Let s = 12 + -13. Is 12 a factor of 63 - 2 - (s + 2)?
True
Suppose 0*z + 183 = 3*z. Is z a multiple of 17?
False
Does 12 divide (-5352)/(-14) + ((-16)/(-28))/(-2)?
False
Suppose 2*x = -x + 126. Suppose 2*m = 5*m - x. Is m a multiple of 11?
False
Does 25 divide 1 - (-130 + 1 + -5)?
False
Is 13 a factor of (26/4)/((-1)/(-2))?
True
Is 10 a factor of (-419)/(-7) + 8/56?
True
Let s = 113 - 41. Is s a multiple of 18?
True
Let w(r) = 6*r**2 - 5*r + 4. Suppose -2*v = -j - 12, 0*v - j = 3*v - 8. Is w(v) a multiple of 16?
True
Suppose 84 = -0*q + 3*q. Is q a multiple of 15?
False
Suppose 0*j + 4*n + 101 = -j, -4*j - n = 449. Let h be -164 + (-5)/((-5)/2). Let w = j - h. Is w a multiple of 14?
False
Suppose -4*k + 2*j + 63 = -3*k, 5*k - 315 = -4*j. Is 21 a factor of k?
True
Suppose -3716 = -6*n - 1124. Is 16 a factor of n?
True
Let n be 1 + -2 - (-6)/2. Suppose -n*r + 0*r - 2*q = 0, 4*q = -16. Is r a multiple of 4?
True
Let u(m) = 40*m**2. Let x be u(1). Suppose -3*f + 109 = 5*o, -4*o - f + 63 = -o. Let t = x - o. Does 10 divide t?
True
Suppose 2*y + p + 0*p - 1 = 0, 4*y - 17 = 3*p. Suppose 2*t = -4*a + 56, y*a = -4*t + 4*a + 102. Is t a multiple of 12?
False
Let c = 2 + -2. Suppose 2*r - 5*r = c. Suppose r = 3*a - p - 82, 5*p - 2 = 8. Is a a multiple of 12?
False
Suppose 3*i + 24 = 4*p, 0*i - 18 = -3*p - 2*i. Suppose -p*c + 2*c = -5*n - 597, -424 = -3*c - n. Is c a multiple of 39?
False
Let j(o) = o**3 + o**2 - 2*o + 1. Let g be j(-2). Is g + 0/(-2) + 27 a multiple of 14?
True
Suppose -9*r = -3*r - 168. Is r a multiple of 7?
True
Let f = -28 + 34. Does 6 divide (32/(-3))/(f/(-9))?
False
Let r(u) = 21*u + 3. Is r(7) a multiple of 30?
True
Let h(v) = -v - 3. Let x be h(-7). Suppose 0 = -x*i - 5*p + 82, p + 0*p + 2 = 0. Does 10 divide i?
False
Suppose -2*p = s + 2, -s - p = 2*p + 5. Suppose 5*z + 3*n - n - 22 = 0, 0 = n + s. Is z a multiple of 6?
True
Let l = -234 - -385. Does 19 divide l?
False
Suppose -485 = -7*d + 362. Is d a multiple of 16?
False
Let v(n) be the first derivative of n**3/3 + 54*n + 1. Does 18 divide v(0)?
True
Let k(y) be the third derivative of y**5/60 - y**4/24 + 2*y**3/3 - 6*y**2. Let w(l) = -l**2 - 6*l - 3. Let s be w(-6). Does 8 divide k(s)?
True
Let z(d) be the second derivative of -11*d**3/6 + 9*d**2/2 - 2*d. Let v be z(-7). Suppose -4*j + 3*j = -3*k + v, 160 = 5*k - 5*j. Is k a multiple of 16?
False
Let w = -16 - -16. Suppose 24 = 4*g + h, w = -2*g + 4*h - 2*h + 12. Does 3 divide g?
True
Suppose n - 2 = -3*g + 2, -4*g = 5*n + 2. Is 2 a factor of g?
True
Suppose 0 = -4*f - 2*l + 2, 9*f + 5 = 4*f - 5*l. Suppose 3*r = -2*j + 72, 3*r = j + f*r - 41. Is 13 a factor of j?
True
Let l = -2 + 10. Let m(k) = k**2 - 12*k + 4. Let n be m(l). Let f = 52 + n. Is 12 a factor of f?
True
Let b(a) = -a**3 - 5*a**2 + 8*a - 1. Let z be b(-8). Suppose 0*j - 3*j - 3 = 0, 0 = -3*l + j + z. Is l a multiple of 14?
True
Let f(g) = g + 6. Does 16 divide f(12)?
False
Suppose -4*t = 3*m + 33, -3*m = -7*m + 20. Let d = 18 + t. Is 3 a factor of d?
True
Let v(j) = 4*j + 2. Let k(c) = -c. Let t(m) = m**2 - 2*m - 2. Let z be t(3). Let h(s) = z*v(s) + 5*k(s). Is h(-9) a multiple of 11?
True
Suppose -6*c + 7*c - 104 = 0. Does 26 divide c?
True
Let s(m) = -m**2 + 5*m - 2. Let b be s(3). Suppose -b*p + 3 = 4*w - 1, 3 = 3*w + 2*p. Let g(k) = 15*k**3 - k**2 + k - 1. Is 11 a factor of g(w)?
False
Let r(n) = 6*n**2 + 3*n + 5. Is 9 a factor of r(-2)?
False
Suppose -2*o + 4*j = -2, 4*o - 3*j - 4 = 5. Let n = 4 + o. Is 3 a factor of n?
False
Let a(f) = f**2 - 1. Suppose 5*x = -0 + 30. Let v be (-2)/3 - (-22)/x. Is 8 a factor of a(v)?
True
Let m(u) = -u + 9. Let w be m(6). Let q be -1 - w/(0 - 3). Is 12 a factor of -7 + 9 + q + 22?
True
Let s be (-5 + 2 - -2)*-5. Let y(k) = 3*k - 3. Does 4 divide y(s)?
True
Let x = 35 + -1. Suppose -2*z + x = 3*c, -c - 8 = -2*c + z. Is c a multiple of 5?
True
Suppose -z + 2*z = 2. Suppose -5*f + 15 = 5*a, z*f - 4*f + 27 = -5*a. Suppose 0 = 5*t - f*t + 33. Is t a multiple of 13?
False
Suppose -4*l = -7*l + 528. Does 22 divide l?
True
Let q = 123 + 33. Does 12 divide q?
True
Let d(i) = 25*i**3 + i**2 + i + 1. Let j be d(-1). Let a = -2 - j. Is a a multiple of 11?
True
Let u(n) = -6*n - 1. Let m be u(7). Is 0 - (m - (-3 + 3)) a multiple of 16?
False
Suppose 12*u - 207 - 441 = 0. Does 2